mainder when 1863/z - m/(-10) is divided by 25?
24
Let a(l) = l**2 - 14*l - 33. Let h be a(-12). Suppose 8*f = h + 65. Calculate the remainder when f is divided by 1/(0 - -1) - -10.
10
Let u(x) = -34*x**2 + 2*x + 3. Let z be u(3). Let f = -278 - z. What is the remainder when f is divided by 18?
1
Let p(t) = -32*t - 715. Calculate the remainder when p(-41) is divided by 195.
12
Suppose c + 126 = 7*c. Let v be (-2)/(3 + (-7)/3)*-1. Suppose 3*q - 108 = -v*z, -4*q - z - c = -162. Calculate the remainder when q is divided by 12.
11
Let y(o) = -o**2 - 5*o + 8. Suppose -11*z + 15 = -8*z, z = 4*j - 127. What is the remainder when y(-6) is divided by 12/j*(-220)/(-40)?
0
Suppose -5*p + 2465 = -g, 55*p = 56*p - 2*g - 484. What is the remainder when p is divided by 124?
122
Suppose -o + l = -169, 5*o = 4*l + 111 + 738. What is the remainder when 856 is divided by o?
164
Calculate the remainder when (24 + 12225/(-10))/((-2)/(24/9)) is divided by 318.
8
Let f = 232 - 228. Suppose -f*h = -0*h + 20, h = j - 38. Calculate the remainder when j is divided by (-2)/(-2) - (-17)/1.
15
Suppose -10*u + 12*u + 10*j = 620, 2*u = -4*j + 662. Calculate the remainder when u is divided by 245.
100
Let f(m) = -90*m + 3078. Calculate the remainder when 1493 is divided by f(26).
17
Suppose -3*d - 117*t = -119*t - 1417, 0 = -5*t + 35. What is the remainder when d is divided by 51?
18
Let m(y) = y**3 + y**2 - 4*y + 4. Calculate the remainder when m(6) is divided by (-414)/(-15) + 136/(-85).
24
Suppose 44067 = 62*d + 10743 - 21918. Calculate the remainder when d is divided by 47.
45
Suppose -15*i + 62 = 17. Suppose 8*z = -i*z + 66. Calculate the remainder when 2 - 30/(-2*1) is divided by z.
5
Let r(l) = -125*l + 180. What is the remainder when r(0) is divided by 17?
10
Let o be (9/6)/(9/6 + 0). Let y(p) = -p**2 + 2*p. Let l be y(o). Let g = l - -8. What is the remainder when 44 is divided by g?
8
Let h(u) = u + 1. Let w(p) = -5. Let y(x) = -2*h(x) - w(x). Calculate the remainder when 52 is divided by y(-4).
8
Suppose -46*q + 47*q - 2380 = 12*a, 7242 = 3*q - 2*a. Calculate the remainder when q is divided by 477.
31
Suppose -4*d + 234 + 198 = 0. What is the remainder when 187 is divided by d?
79
Calculate the remainder when 4436 is divided by (-6024837)/(-6786) + (-10)/12.
1
Let f(o) = -617*o - 9808. Calculate the remainder when 1173 is divided by f(-16).
21
Suppose -28*u = -318 - 578. What is the remainder when 287 is divided by u?
31
Suppose 254 + 6 = -5*r. Suppose i + 126 = 2*n, -2*i + 171 = 3*n + i. Let q = r + n. What is the remainder when 78 is divided by q?
6
Suppose 779 + 2371 = 175*j. What is the remainder when 251 is divided by j?
17
Suppose 13*m + 9*m - 11*m - 4345 = 0. What is the remainder when 1985 is divided by m?
10
Suppose 276 + 102 = 6*d. Suppose b + 2*h = -14 + 54, 0 = -2*b + 3*h + 52. Calculate the remainder when d is divided by b.
31
Suppose -r = 8*r - 72. Suppose -10*v = -r*v - 20. What is the remainder when 35 is divided by v?
5
Calculate the remainder when 1287 is divided by 817/8 + (-1841)/(-2104).
51
Suppose 12*n + 817 = 55*n. Calculate the remainder when 5642 is divided by n.
18
Let q = 183 + -223. What is the remainder when ((-410)/8)/(q/64) is divided by 26?
4
Suppose -360 = -0*y - 3*y. Suppose -5*x = 3*w - y, -4*w - 2*x + 143 = -x. Let u = -27 + w. Calculate the remainder when u is divided by 3.
2
Suppose 42 - 6 = -6*q. Let f be -2 - -2*(-69)/q. Suppose 0 = -5*j - 4*r + 85, 5*j - 5*r = 19 + f. Calculate the remainder when 23 is divided by j.
10
Suppose -8*x + 108 = -4*x. Suppose 3*m = 68 - 56. Suppose 6*d = -m*y + d + 233, -4*y = 3*d - 223. Calculate the remainder when y is divided by x.
25
Suppose 5*b - 1014 = -b. Let p = 199 - b. What is the remainder when 268 is divided by p?
28
Suppose 33 = 3*s + 5*c, 5*c + 15 = 84*s - 79*s. Suppose 5*b = -2*y + 823, 4*y - 485 + 159 = -2*b. What is the remainder when b is divided by s?
3
Suppose -9*k + 5850 = 30*k. What is the remainder when 397 is divided by k?
97
Suppose -30 = -20*f + 15*f. Suppose -d + 6*d - 175 = 0. Let r = d + -15. What is the remainder when r is divided by f?
2
Let b be (10/300*25)/((-3)/(-36)). Suppose 5*k - 46 + 120 = -4*z, 0 = k - 5*z + 9. Let p = b - k. What is the remainder when p is divided by 14?
10
Suppose 12*g - 3*p = 13*g - 33, -5*g = -2*p - 267. Calculate the remainder when 1732 is divided by g.
49
Suppose 3*f = -i + 2119, 3*f + 733 = 4*f - 5*i. Suppose 3*d - 3*l = 2*l + f, -2*d - 4*l + 494 = 0. Calculate the remainder when d is divided by 9.
7
Let f(s) = -s**3 + 6*s**2 + 6*s - 18. Suppose b - 26 = 4*z, -5*b + 15 = 3*z - 0*z. Calculate the remainder when 339 is divided by f(b).
15
Suppose 5*m + 2 + 8 = 5*u, 2*u + 5*m = 25. Let n be (-1)/((-7)/(-107)) - (-178)/623. What is the remainder when (((-70)/n)/(-7))/((-10)/315) is divided by u?
1
Let n = 663 - -476. Calculate the remainder when n is divided by 15.
14
Let r = -650 - -687. Suppose 21*x = r*x - 608. Suppose 63 = 5*y - 2*y. Calculate the remainder when x is divided by y.
17
Let c = -10 - -36. Let o be c*(0 + -3)/(-6). Suppose 16*b - 15 = o*b. Calculate the remainder when b is divided by 1.
0
Suppose -d = 2*y - 464, 4*y + 10 = 2*y. What is the remainder when d is divided by 4 - ((255/(-34))/(2/(-4)))/(-1)?
18
Let c = 115 - 111. Suppose -p + 20 = 6*f - f, -c*f = p - 16. Suppose o - 5 - 48 = 0. What is the remainder when o is divided by f?
1
Let k = -77 + 88. Suppose 0 = 13*n - 1109 + 745. What is the remainder when n is divided by k?
6
Let q = -51 + 56. Suppose 355 + 445 = q*g. Suppose 0 = -2*d + 3*l + g, 0*l = 3*d - 3*l - 237. Calculate the remainder when d is divided by 16.
13
What is the remainder when (-41273)/(-5) + (-416)/(-1040) is divided by 258?
257
Suppose -51*j + 55*j + 1840 = 0. Let b = j - -518. What is the remainder when 170 is divided by b?
54
Let i = 14635 + -12591. Calculate the remainder when i is divided by 22.
20
Let w(c) = c**2 + 16*c + 152. Let n(g) = 2*g - 1. Let p be n(-7). What is the remainder when w(-9) is divided by (10/p)/(2/(-93))?
27
Let v(p) = -3*p**2 + 11*p - 3. Suppose -5*l - 15 = -0*l. Let u be 12/l - (1 - 2 - 6). Calculate the remainder when 10 is divided by v(u).
1
Suppose 2*s = -12*s + 894 + 380. Calculate the remainder when 1084 is divided by s.
83
Calculate the remainder when (52/(-104))/(1/(-21362)) is divided by 14.
13
Let q(t) = t**3 - 24*t**2 + 42*t + 154. What is the remainder when 376 is divided by q(22)?
46
Suppose 26 + 46 = 2*o. Calculate the remainder when o is divided by ((-1575)/252 + 1 + 4)/(1/(-8)).
6
Calculate the remainder when (45/42 - (-12)/(-21))*(-8204)/(-2) is divided by 137.
133
Suppose -5316 = -5*k + 3*l, -152*l = 4*k - 148*l - 4240. Calculate the remainder when k is divided by 41.
37
What is the remainder when (22419/1128)/(6/32) is divided by 32?
10
Let y = -268 - -625. Suppose -3*u = 14*u - y. Calculate the remainder when 243 is divided by u.
12
Suppose 2*r = -4, 5*r - 65 - 18 = -3*a. Suppose -i + 295 = u + 3*i, 870 = 3*u - 3*i. Let y = -271 + u. What is the remainder when a is divided by y?
11
Let c(l) = -l + 51. Let w = 155 + -136. Calculate the remainder when 124 is divided by c(w).
28
Suppose -107*x = 4*w - 110*x - 920, 2*w - 434 = -5*x. What is the remainder when w is divided by 56?
3
Let b(g) = -7*g + 45*g**2 - 22*g**2 - 6 - 17*g**2. What is the remainder when 8 is divided by b(-1)?
1
Let g(p) = -p**3 - 20*p**2 + 22*p + 31. Let c be g(-20). Let m = c + 423. Calculate the remainder when m is divided by 3.
2
Suppose d + 6*i = i + 152, 2*d + 5*i = 294. Let f = d + -102. Calculate the remainder when 155 is divided by f.
35
Let j = 60 + -59. Let n(z) = 76*z**3 - 2*z**2 + 3*z - 2. Let d be n(j). Let w = d + -35. What is the remainder when w is divided by 21?
19
Let k be (1 - -8) + 7 - 7. Suppose 0 = -k*q + 12*q - 165. Calculate the remainder when q is divided by 3.
1
Let v(n) = 1 + 27*n + 0 + 0 + 4. Suppose -4*h = 2*q - 21 - 5, -4*q + 22 = 2*h. Calculate the remainder when v(q) is divided by 30.
26
Suppose 0 = -10*z + 12*z - 10. Suppose -4*d + z*d = 15. Calculate the remainder when d is divided by 5.
0
Let d = -4 + 13. Let w(l) = -145*l - 22. Let u be w(-1). Suppose 3*q + 3*r - r = u, 2*r = -2*q + 80. What is the remainder when q is divided by d?
7
Let t = -2